{"id":10156,"date":"2023-10-17T09:10:13","date_gmt":"2023-10-17T08:10:13","guid":{"rendered":"https:\/\/www.signaturebya.com\/?post_type=product&#038;p=10156"},"modified":"2024-10-03T07:44:51","modified_gmt":"2024-10-03T06:44:51","slug":"le-handle-noir-en-resine","status":"publish","type":"product","link":"https:\/\/www.signaturebya.com\/?product=le-handle-noir-en-resine","title":{"rendered":"Le &lsquo;Handle&rsquo; Noir en R\u00e9sine"},"content":{"rendered":"","protected":false},"excerpt":{"rendered":"<p>Une belle pi\u00e8ce d\u00e9corative de style minimaliste. Les formes originales et les finitions naturelles font la particularit\u00e9 de cet objet.<\/p>\n<p>Existe \u00e9galement en blanc.<\/p>\n<p class=\"p1\">Dimensions: 20*20*20 cm<\/p>\n","protected":false},"featured_media":10155,"comment_status":"open","ping_status":"closed","template":"","meta":[],"product_cat":[103,119,105,111,112],"product_tag":[],"_links":{"self":[{"href":"https:\/\/www.signaturebya.com\/index.php?rest_route=\/wp\/v2\/product\/10156"}],"collection":[{"href":"https:\/\/www.signaturebya.com\/index.php?rest_route=\/wp\/v2\/product"}],"about":[{"href":"https:\/\/www.signaturebya.com\/index.php?rest_route=\/wp\/v2\/types\/product"}],"replies":[{"embeddable":true,"href":"https:\/\/www.signaturebya.com\/index.php?rest_route=%2Fwp%2Fv2%2Fcomments&post=10156"}],"wp:featuredmedia":[{"embeddable":true,"href":"https:\/\/www.signaturebya.com\/index.php?rest_route=\/wp\/v2\/media\/10155"}],"wp:attachment":[{"href":"https:\/\/www.signaturebya.com\/index.php?rest_route=%2Fwp%2Fv2%2Fmedia&parent=10156"}],"wp:term":[{"taxonomy":"product_cat","embeddable":true,"href":"https:\/\/www.signaturebya.com\/index.php?rest_route=%2Fwp%2Fv2%2Fproduct_cat&post=10156"},{"taxonomy":"product_tag","embeddable":true,"href":"https:\/\/www.signaturebya.com\/index.php?rest_route=%2Fwp%2Fv2%2Fproduct_tag&post=10156"}],"curies":[{"name":"wp","href":"https:\/\/api.w.org\/{rel}","templated":true}]}}