{"id":10250,"date":"2023-10-21T07:07:22","date_gmt":"2023-10-21T06:07:22","guid":{"rendered":"https:\/\/www.signaturebya.com\/?post_type=product&#038;p=10250"},"modified":"2024-03-03T11:43:29","modified_gmt":"2024-03-03T10:43:29","slug":"cube-decoratif-en-pierre-naturelle-et-verre","status":"publish","type":"product","link":"https:\/\/www.signaturebya.com\/?product=cube-decoratif-en-pierre-naturelle-et-verre","title":{"rendered":"Cube D\u00e9coratif en Pierre Naturelle et Verre"},"content":{"rendered":"","protected":false},"excerpt":{"rendered":"<p>Tr\u00e8s joli cube d\u00e9coratif en pierre naturelle et verre, \u00e0 disposer id\u00e9alement sur un livre ou un magazine.<\/p>\n<p class=\"p1\">Dimensions: 9 *9 *9 cm<\/p>\n","protected":false},"featured_media":10254,"comment_status":"open","ping_status":"closed","template":"","meta":[],"product_cat":[103,105,106,112],"product_tag":[114,71,64,123],"_links":{"self":[{"href":"https:\/\/www.signaturebya.com\/index.php?rest_route=\/wp\/v2\/product\/10250"}],"collection":[{"href":"https:\/\/www.signaturebya.com\/index.php?rest_route=\/wp\/v2\/product"}],"about":[{"href":"https:\/\/www.signaturebya.com\/index.php?rest_route=\/wp\/v2\/types\/product"}],"replies":[{"embeddable":true,"href":"https:\/\/www.signaturebya.com\/index.php?rest_route=%2Fwp%2Fv2%2Fcomments&post=10250"}],"wp:featuredmedia":[{"embeddable":true,"href":"https:\/\/www.signaturebya.com\/index.php?rest_route=\/wp\/v2\/media\/10254"}],"wp:attachment":[{"href":"https:\/\/www.signaturebya.com\/index.php?rest_route=%2Fwp%2Fv2%2Fmedia&parent=10250"}],"wp:term":[{"taxonomy":"product_cat","embeddable":true,"href":"https:\/\/www.signaturebya.com\/index.php?rest_route=%2Fwp%2Fv2%2Fproduct_cat&post=10250"},{"taxonomy":"product_tag","embeddable":true,"href":"https:\/\/www.signaturebya.com\/index.php?rest_route=%2Fwp%2Fv2%2Fproduct_tag&post=10250"}],"curies":[{"name":"wp","href":"https:\/\/api.w.org\/{rel}","templated":true}]}}