{"id":10614,"date":"2024-01-17T08:40:45","date_gmt":"2024-01-17T07:40:45","guid":{"rendered":"https:\/\/www.signaturebya.com\/?post_type=product&#038;p=10614"},"modified":"2024-01-31T09:45:21","modified_gmt":"2024-01-31T08:45:21","slug":"golden-face-taureau-en-resine","status":"publish","type":"product","link":"https:\/\/www.signaturebya.com\/?product=golden-face-taureau-en-resine","title":{"rendered":"Golden Face Taureau en R\u00e9sine"},"content":{"rendered":"","protected":false},"excerpt":{"rendered":"<p>Magnifiques taureaux en r\u00e9sine avec une petite touche dor\u00e9e<\/p>\n<p>Existent en deux dimensions:<\/p>\n<p class=\"p1\">30*10*23.5 cm<\/p>\n<p class=\"p1\">23.5*9*17.2 cm<\/p>\n","protected":false},"featured_media":10618,"comment_status":"open","ping_status":"closed","template":"","meta":[],"product_cat":[103,119,105,223],"product_tag":[],"_links":{"self":[{"href":"https:\/\/www.signaturebya.com\/index.php?rest_route=\/wp\/v2\/product\/10614"}],"collection":[{"href":"https:\/\/www.signaturebya.com\/index.php?rest_route=\/wp\/v2\/product"}],"about":[{"href":"https:\/\/www.signaturebya.com\/index.php?rest_route=\/wp\/v2\/types\/product"}],"replies":[{"embeddable":true,"href":"https:\/\/www.signaturebya.com\/index.php?rest_route=%2Fwp%2Fv2%2Fcomments&post=10614"}],"wp:featuredmedia":[{"embeddable":true,"href":"https:\/\/www.signaturebya.com\/index.php?rest_route=\/wp\/v2\/media\/10618"}],"wp:attachment":[{"href":"https:\/\/www.signaturebya.com\/index.php?rest_route=%2Fwp%2Fv2%2Fmedia&parent=10614"}],"wp:term":[{"taxonomy":"product_cat","embeddable":true,"href":"https:\/\/www.signaturebya.com\/index.php?rest_route=%2Fwp%2Fv2%2Fproduct_cat&post=10614"},{"taxonomy":"product_tag","embeddable":true,"href":"https:\/\/www.signaturebya.com\/index.php?rest_route=%2Fwp%2Fv2%2Fproduct_tag&post=10614"}],"curies":[{"name":"wp","href":"https:\/\/api.w.org\/{rel}","templated":true}]}}