{"id":10660,"date":"2024-01-31T10:46:14","date_gmt":"2024-01-31T09:46:14","guid":{"rendered":"https:\/\/www.signaturebya.com\/?post_type=product&#038;p=10660"},"modified":"2024-03-03T16:59:28","modified_gmt":"2024-03-03T15:59:28","slug":"statuette-half-skull-en-resine-noire-et-doree","status":"publish","type":"product","link":"https:\/\/www.signaturebya.com\/?product=statuette-half-skull-en-resine-noire-et-doree","title":{"rendered":"Statuette &lsquo;Half Skull&rsquo; en R\u00e9sine Noire et Dor\u00e9e"},"content":{"rendered":"","protected":false},"excerpt":{"rendered":"<p>Belle, imposante et originale. \u00c0 disposer id\u00e9alement dans une jolie biblioth\u00e8que ou sur une console d&rsquo;entr\u00e9e.<\/p>\n<p>Dimensions:<\/p>\n<p class=\"p1\">16*13.5* 28 cm<\/p>\n","protected":false},"featured_media":10665,"comment_status":"open","ping_status":"closed","template":"","meta":[],"product_cat":[103,119,105,222,223],"product_tag":[],"_links":{"self":[{"href":"https:\/\/www.signaturebya.com\/index.php?rest_route=\/wp\/v2\/product\/10660"}],"collection":[{"href":"https:\/\/www.signaturebya.com\/index.php?rest_route=\/wp\/v2\/product"}],"about":[{"href":"https:\/\/www.signaturebya.com\/index.php?rest_route=\/wp\/v2\/types\/product"}],"replies":[{"embeddable":true,"href":"https:\/\/www.signaturebya.com\/index.php?rest_route=%2Fwp%2Fv2%2Fcomments&post=10660"}],"wp:featuredmedia":[{"embeddable":true,"href":"https:\/\/www.signaturebya.com\/index.php?rest_route=\/wp\/v2\/media\/10665"}],"wp:attachment":[{"href":"https:\/\/www.signaturebya.com\/index.php?rest_route=%2Fwp%2Fv2%2Fmedia&parent=10660"}],"wp:term":[{"taxonomy":"product_cat","embeddable":true,"href":"https:\/\/www.signaturebya.com\/index.php?rest_route=%2Fwp%2Fv2%2Fproduct_cat&post=10660"},{"taxonomy":"product_tag","embeddable":true,"href":"https:\/\/www.signaturebya.com\/index.php?rest_route=%2Fwp%2Fv2%2Fproduct_tag&post=10660"}],"curies":[{"name":"wp","href":"https:\/\/api.w.org\/{rel}","templated":true}]}}