{"id":10780,"date":"2024-02-06T07:42:41","date_gmt":"2024-02-06T06:42:41","guid":{"rendered":"https:\/\/www.signaturebya.com\/?post_type=product&#038;p=10780"},"modified":"2024-11-23T20:27:45","modified_gmt":"2024-11-23T19:27:45","slug":"vase-long-hat-en-ceramique","status":"publish","type":"product","link":"https:\/\/www.signaturebya.com\/?product=vase-long-hat-en-ceramique","title":{"rendered":"Vase &lsquo;Long Hat&rsquo; en C\u00e9ramique"},"content":{"rendered":"","protected":false},"excerpt":{"rendered":"<p>Ce vase en c\u00e9ramique est tellement original! Une belle pi\u00e8ce qui sort de l&rsquo;ordinaire \u00e0 avoir chez soi.<\/p>\n<p>Disponible en deux dimensions:<\/p>\n<p class=\"p1\">14*14* 33 cm<\/p>\n<p class=\"p1\">7.8*7.8*16 cm<\/p>\n","protected":false},"featured_media":10783,"comment_status":"open","ping_status":"closed","template":"","meta":[],"product_cat":[103,105,104,112,223],"product_tag":[],"_links":{"self":[{"href":"https:\/\/www.signaturebya.com\/index.php?rest_route=\/wp\/v2\/product\/10780"}],"collection":[{"href":"https:\/\/www.signaturebya.com\/index.php?rest_route=\/wp\/v2\/product"}],"about":[{"href":"https:\/\/www.signaturebya.com\/index.php?rest_route=\/wp\/v2\/types\/product"}],"replies":[{"embeddable":true,"href":"https:\/\/www.signaturebya.com\/index.php?rest_route=%2Fwp%2Fv2%2Fcomments&post=10780"}],"wp:featuredmedia":[{"embeddable":true,"href":"https:\/\/www.signaturebya.com\/index.php?rest_route=\/wp\/v2\/media\/10783"}],"wp:attachment":[{"href":"https:\/\/www.signaturebya.com\/index.php?rest_route=%2Fwp%2Fv2%2Fmedia&parent=10780"}],"wp:term":[{"taxonomy":"product_cat","embeddable":true,"href":"https:\/\/www.signaturebya.com\/index.php?rest_route=%2Fwp%2Fv2%2Fproduct_cat&post=10780"},{"taxonomy":"product_tag","embeddable":true,"href":"https:\/\/www.signaturebya.com\/index.php?rest_route=%2Fwp%2Fv2%2Fproduct_tag&post=10780"}],"curies":[{"name":"wp","href":"https:\/\/api.w.org\/{rel}","templated":true}]}}