{"id":11206,"date":"2024-03-27T11:43:09","date_gmt":"2024-03-27T10:43:09","guid":{"rendered":"https:\/\/www.signaturebya.com\/?post_type=product&#038;p=11206"},"modified":"2025-05-09T07:35:05","modified_gmt":"2025-05-09T06:35:05","slug":"porte-plat-effet-travertin-beige","status":"publish","type":"product","link":"https:\/\/www.signaturebya.com\/?product=porte-plat-effet-travertin-beige","title":{"rendered":"Porte-Plat Effet Travertin Beige"},"content":{"rendered":"","protected":false},"excerpt":{"rendered":"<p>Tr\u00e8s joli porte-plat avec effet travertin, pour mettre en valeur vos plus beaux plats. Peut-\u00eatre \u00e9galement dispos\u00e9 simplement en tant qu&rsquo;objet d\u00e9coratif pour un effet minimaliste assur\u00e9.<\/p>\n<p>Dimensions:<\/p>\n<p class=\"p1\">22.5* 22.5* 9 cm<\/p>\n","protected":false},"featured_media":11200,"comment_status":"open","ping_status":"closed","template":"","meta":[],"product_cat":[103,115,119],"product_tag":[],"_links":{"self":[{"href":"https:\/\/www.signaturebya.com\/index.php?rest_route=\/wp\/v2\/product\/11206"}],"collection":[{"href":"https:\/\/www.signaturebya.com\/index.php?rest_route=\/wp\/v2\/product"}],"about":[{"href":"https:\/\/www.signaturebya.com\/index.php?rest_route=\/wp\/v2\/types\/product"}],"replies":[{"embeddable":true,"href":"https:\/\/www.signaturebya.com\/index.php?rest_route=%2Fwp%2Fv2%2Fcomments&post=11206"}],"wp:featuredmedia":[{"embeddable":true,"href":"https:\/\/www.signaturebya.com\/index.php?rest_route=\/wp\/v2\/media\/11200"}],"wp:attachment":[{"href":"https:\/\/www.signaturebya.com\/index.php?rest_route=%2Fwp%2Fv2%2Fmedia&parent=11206"}],"wp:term":[{"taxonomy":"product_cat","embeddable":true,"href":"https:\/\/www.signaturebya.com\/index.php?rest_route=%2Fwp%2Fv2%2Fproduct_cat&post=11206"},{"taxonomy":"product_tag","embeddable":true,"href":"https:\/\/www.signaturebya.com\/index.php?rest_route=%2Fwp%2Fv2%2Fproduct_tag&post=11206"}],"curies":[{"name":"wp","href":"https:\/\/api.w.org\/{rel}","templated":true}]}}