{"id":11563,"date":"2024-09-06T07:41:38","date_gmt":"2024-09-06T06:41:38","guid":{"rendered":"https:\/\/www.signaturebya.com\/?post_type=product&#038;p=11563"},"modified":"2024-09-06T08:47:57","modified_gmt":"2024-09-06T07:47:57","slug":"lasquare-sculpture-en-resine","status":"publish","type":"product","link":"https:\/\/www.signaturebya.com\/?product=lasquare-sculpture-en-resine","title":{"rendered":"La&rsquo;Square&rsquo; Sculpture en R\u00e9sine"},"content":{"rendered":"","protected":false},"excerpt":{"rendered":"<p>Tr\u00e8s belles sculptures en r\u00e9sine \u00e0 disposer sur une console d&rsquo;entr\u00e9e ou sur une biblioth\u00e8que.<\/p>\n<p>Disponibles en deux dimensions:<\/p>\n<p class=\"p1\">16*12.8*31cm<\/p>\n<p class=\"p1\">13*13*25 cm<\/p>\n","protected":false},"featured_media":11574,"comment_status":"open","ping_status":"closed","template":"","meta":[],"product_cat":[103,105,222,284,223],"product_tag":[],"_links":{"self":[{"href":"https:\/\/www.signaturebya.com\/index.php?rest_route=\/wp\/v2\/product\/11563"}],"collection":[{"href":"https:\/\/www.signaturebya.com\/index.php?rest_route=\/wp\/v2\/product"}],"about":[{"href":"https:\/\/www.signaturebya.com\/index.php?rest_route=\/wp\/v2\/types\/product"}],"replies":[{"embeddable":true,"href":"https:\/\/www.signaturebya.com\/index.php?rest_route=%2Fwp%2Fv2%2Fcomments&post=11563"}],"wp:featuredmedia":[{"embeddable":true,"href":"https:\/\/www.signaturebya.com\/index.php?rest_route=\/wp\/v2\/media\/11574"}],"wp:attachment":[{"href":"https:\/\/www.signaturebya.com\/index.php?rest_route=%2Fwp%2Fv2%2Fmedia&parent=11563"}],"wp:term":[{"taxonomy":"product_cat","embeddable":true,"href":"https:\/\/www.signaturebya.com\/index.php?rest_route=%2Fwp%2Fv2%2Fproduct_cat&post=11563"},{"taxonomy":"product_tag","embeddable":true,"href":"https:\/\/www.signaturebya.com\/index.php?rest_route=%2Fwp%2Fv2%2Fproduct_tag&post=11563"}],"curies":[{"name":"wp","href":"https:\/\/api.w.org\/{rel}","templated":true}]}}