{"id":11591,"date":"2024-09-08T10:01:49","date_gmt":"2024-09-08T09:01:49","guid":{"rendered":"https:\/\/www.signaturebya.com\/?post_type=product&#038;p=11591"},"modified":"2025-06-12T20:59:58","modified_gmt":"2025-06-12T19:59:58","slug":"sculpture-rhythm-space-blanche-en-resine","status":"publish","type":"product","link":"https:\/\/www.signaturebya.com\/?product=sculpture-rhythm-space-blanche-en-resine","title":{"rendered":"Sculpture &lsquo;Rhythm Space Blanche en R\u00e9sine"},"content":{"rendered":"","protected":false},"excerpt":{"rendered":"<p>Tr\u00e8s belles sculptures en r\u00e9sine \u00e0 disposer sur une console d&rsquo;entr\u00e9e ou sur une biblioth\u00e8que.<\/p>\n<p class=\"p1\">Disponibles en deux dimensions:<\/p>\n<p class=\"p1\">9.5*9*17.7 cm<\/p>\n<p class=\"p1\">11.5*11.4*25 cm<\/p>\n","protected":false},"featured_media":11598,"comment_status":"open","ping_status":"closed","template":"","meta":[],"product_cat":[103,105,222,284,223],"product_tag":[],"_links":{"self":[{"href":"https:\/\/www.signaturebya.com\/index.php?rest_route=\/wp\/v2\/product\/11591"}],"collection":[{"href":"https:\/\/www.signaturebya.com\/index.php?rest_route=\/wp\/v2\/product"}],"about":[{"href":"https:\/\/www.signaturebya.com\/index.php?rest_route=\/wp\/v2\/types\/product"}],"replies":[{"embeddable":true,"href":"https:\/\/www.signaturebya.com\/index.php?rest_route=%2Fwp%2Fv2%2Fcomments&post=11591"}],"wp:featuredmedia":[{"embeddable":true,"href":"https:\/\/www.signaturebya.com\/index.php?rest_route=\/wp\/v2\/media\/11598"}],"wp:attachment":[{"href":"https:\/\/www.signaturebya.com\/index.php?rest_route=%2Fwp%2Fv2%2Fmedia&parent=11591"}],"wp:term":[{"taxonomy":"product_cat","embeddable":true,"href":"https:\/\/www.signaturebya.com\/index.php?rest_route=%2Fwp%2Fv2%2Fproduct_cat&post=11591"},{"taxonomy":"product_tag","embeddable":true,"href":"https:\/\/www.signaturebya.com\/index.php?rest_route=%2Fwp%2Fv2%2Fproduct_tag&post=11591"}],"curies":[{"name":"wp","href":"https:\/\/api.w.org\/{rel}","templated":true}]}}