{"id":11687,"date":"2024-09-10T08:26:33","date_gmt":"2024-09-10T07:26:33","guid":{"rendered":"https:\/\/www.signaturebya.com\/?post_type=product&#038;p=11687"},"modified":"2025-06-02T07:24:32","modified_gmt":"2025-06-02T06:24:32","slug":"noeud-en-verre-bleu","status":"publish","type":"product","link":"https:\/\/www.signaturebya.com\/?product=noeud-en-verre-bleu","title":{"rendered":"Noeud en Verre Bleu Fon\u00e7\u00e9"},"content":{"rendered":"","protected":false},"excerpt":{"rendered":"<p>Tr\u00e8s joli noeud en verre bleu fonc\u00e9, \u00e0 mettre sur un livre d\u00e9coratif, sur une jolie table basse.<\/p>\n<p>Dimensions:<\/p>\n<p class=\"p1\">22*11.5*10 cm<\/p>\n","protected":false},"featured_media":11690,"comment_status":"open","ping_status":"closed","template":"","meta":[],"product_cat":[103,105,106,284,113],"product_tag":[],"_links":{"self":[{"href":"https:\/\/www.signaturebya.com\/index.php?rest_route=\/wp\/v2\/product\/11687"}],"collection":[{"href":"https:\/\/www.signaturebya.com\/index.php?rest_route=\/wp\/v2\/product"}],"about":[{"href":"https:\/\/www.signaturebya.com\/index.php?rest_route=\/wp\/v2\/types\/product"}],"replies":[{"embeddable":true,"href":"https:\/\/www.signaturebya.com\/index.php?rest_route=%2Fwp%2Fv2%2Fcomments&post=11687"}],"wp:featuredmedia":[{"embeddable":true,"href":"https:\/\/www.signaturebya.com\/index.php?rest_route=\/wp\/v2\/media\/11690"}],"wp:attachment":[{"href":"https:\/\/www.signaturebya.com\/index.php?rest_route=%2Fwp%2Fv2%2Fmedia&parent=11687"}],"wp:term":[{"taxonomy":"product_cat","embeddable":true,"href":"https:\/\/www.signaturebya.com\/index.php?rest_route=%2Fwp%2Fv2%2Fproduct_cat&post=11687"},{"taxonomy":"product_tag","embeddable":true,"href":"https:\/\/www.signaturebya.com\/index.php?rest_route=%2Fwp%2Fv2%2Fproduct_tag&post=11687"}],"curies":[{"name":"wp","href":"https:\/\/api.w.org\/{rel}","templated":true}]}}