{"id":11782,"date":"2024-09-15T08:59:45","date_gmt":"2024-09-15T07:59:45","guid":{"rendered":"https:\/\/www.signaturebya.com\/?post_type=product&#038;p=11782"},"modified":"2024-09-15T09:31:59","modified_gmt":"2024-09-15T08:31:59","slug":"vase-blanc-en-ceramique-bords-argentes","status":"publish","type":"product","link":"https:\/\/www.signaturebya.com\/?product=vase-blanc-en-ceramique-bords-argentes","title":{"rendered":"Collection Vases Blancs en C\u00e9ramique Bords Argent\u00e9s"},"content":{"rendered":"","protected":false},"excerpt":{"rendered":"<p>Une tr\u00e8s beau trio de vases blancs en c\u00e9ramique, \u00e0 bords argent\u00e9s.<\/p>\n<p>Chics et \u00e9pur\u00e9s.<\/p>\n<p>Disponibles en 3 formes et dimenions:<\/p>\n<p>A: 12.8*6.3*43.5 cm<\/p>\n<p>B: 17*6*37 cm<\/p>\n<p>C: 13*6.5*27.5 cm<\/p>\n","protected":false},"featured_media":11790,"comment_status":"open","ping_status":"closed","template":"","meta":[],"product_cat":[103,104,284,188],"product_tag":[],"_links":{"self":[{"href":"https:\/\/www.signaturebya.com\/index.php?rest_route=\/wp\/v2\/product\/11782"}],"collection":[{"href":"https:\/\/www.signaturebya.com\/index.php?rest_route=\/wp\/v2\/product"}],"about":[{"href":"https:\/\/www.signaturebya.com\/index.php?rest_route=\/wp\/v2\/types\/product"}],"replies":[{"embeddable":true,"href":"https:\/\/www.signaturebya.com\/index.php?rest_route=%2Fwp%2Fv2%2Fcomments&post=11782"}],"wp:featuredmedia":[{"embeddable":true,"href":"https:\/\/www.signaturebya.com\/index.php?rest_route=\/wp\/v2\/media\/11790"}],"wp:attachment":[{"href":"https:\/\/www.signaturebya.com\/index.php?rest_route=%2Fwp%2Fv2%2Fmedia&parent=11782"}],"wp:term":[{"taxonomy":"product_cat","embeddable":true,"href":"https:\/\/www.signaturebya.com\/index.php?rest_route=%2Fwp%2Fv2%2Fproduct_cat&post=11782"},{"taxonomy":"product_tag","embeddable":true,"href":"https:\/\/www.signaturebya.com\/index.php?rest_route=%2Fwp%2Fv2%2Fproduct_tag&post=11782"}],"curies":[{"name":"wp","href":"https:\/\/api.w.org\/{rel}","templated":true}]}}