{"id":11806,"date":"2024-09-17T07:30:59","date_gmt":"2024-09-17T06:30:59","guid":{"rendered":"https:\/\/www.signaturebya.com\/?post_type=product&#038;p=11806"},"modified":"2025-05-09T08:31:07","modified_gmt":"2025-05-09T07:31:07","slug":"le-ryhthm-vase-blanc-argente","status":"publish","type":"product","link":"https:\/\/www.signaturebya.com\/?product=le-ryhthm-vase-blanc-argente","title":{"rendered":"Le &lsquo;Ryhthm&rsquo; Vase Blanc &#038; Argent\u00e9"},"content":{"rendered":"","protected":false},"excerpt":{"rendered":"<p>Une tr\u00e8s beau duo de vases blancs en c\u00e9ramique, avec une petite touche argent\u00e9e.<\/p>\n<p>Chics et \u00e9pur\u00e9s.<\/p>\n<p>Disponibles en 2 formes et dimenions:<\/p>\n<p class=\"p1\">18*15*18 cm<\/p>\n<p class=\"p1\">23*17*24 cm<\/p>\n","protected":false},"featured_media":11816,"comment_status":"open","ping_status":"closed","template":"","meta":[],"product_cat":[103,104,284,188],"product_tag":[],"_links":{"self":[{"href":"https:\/\/www.signaturebya.com\/index.php?rest_route=\/wp\/v2\/product\/11806"}],"collection":[{"href":"https:\/\/www.signaturebya.com\/index.php?rest_route=\/wp\/v2\/product"}],"about":[{"href":"https:\/\/www.signaturebya.com\/index.php?rest_route=\/wp\/v2\/types\/product"}],"replies":[{"embeddable":true,"href":"https:\/\/www.signaturebya.com\/index.php?rest_route=%2Fwp%2Fv2%2Fcomments&post=11806"}],"wp:featuredmedia":[{"embeddable":true,"href":"https:\/\/www.signaturebya.com\/index.php?rest_route=\/wp\/v2\/media\/11816"}],"wp:attachment":[{"href":"https:\/\/www.signaturebya.com\/index.php?rest_route=%2Fwp%2Fv2%2Fmedia&parent=11806"}],"wp:term":[{"taxonomy":"product_cat","embeddable":true,"href":"https:\/\/www.signaturebya.com\/index.php?rest_route=%2Fwp%2Fv2%2Fproduct_cat&post=11806"},{"taxonomy":"product_tag","embeddable":true,"href":"https:\/\/www.signaturebya.com\/index.php?rest_route=%2Fwp%2Fv2%2Fproduct_tag&post=11806"}],"curies":[{"name":"wp","href":"https:\/\/api.w.org\/{rel}","templated":true}]}}