{"id":11822,"date":"2024-09-17T07:42:49","date_gmt":"2024-09-17T06:42:49","guid":{"rendered":"https:\/\/www.signaturebya.com\/?post_type=product&#038;p=11822"},"modified":"2024-09-17T07:53:21","modified_gmt":"2024-09-17T06:53:21","slug":"vase-en-ceramique-effet-vieillit-gris-clair","status":"publish","type":"product","link":"https:\/\/www.signaturebya.com\/?product=vase-en-ceramique-effet-vieillit-gris-clair","title":{"rendered":"Vase en C\u00e9ramique Effet Vieillit Gris Clair"},"content":{"rendered":"","protected":false},"excerpt":{"rendered":"<p>Tr\u00e8s beaux vases \u00e0 formes arrondies, avec un effet vieillit chic et tendance.<\/p>\n<p>Disponible en deux dimensions:<\/p>\n<p class=\"p1\">17*17*17.5 cm<\/p>\n<p class=\"p1\">25*25*25 cm<\/p>\n","protected":false},"featured_media":11828,"comment_status":"open","ping_status":"closed","template":"","meta":[],"product_cat":[103,104,284],"product_tag":[],"_links":{"self":[{"href":"https:\/\/www.signaturebya.com\/index.php?rest_route=\/wp\/v2\/product\/11822"}],"collection":[{"href":"https:\/\/www.signaturebya.com\/index.php?rest_route=\/wp\/v2\/product"}],"about":[{"href":"https:\/\/www.signaturebya.com\/index.php?rest_route=\/wp\/v2\/types\/product"}],"replies":[{"embeddable":true,"href":"https:\/\/www.signaturebya.com\/index.php?rest_route=%2Fwp%2Fv2%2Fcomments&post=11822"}],"wp:featuredmedia":[{"embeddable":true,"href":"https:\/\/www.signaturebya.com\/index.php?rest_route=\/wp\/v2\/media\/11828"}],"wp:attachment":[{"href":"https:\/\/www.signaturebya.com\/index.php?rest_route=%2Fwp%2Fv2%2Fmedia&parent=11822"}],"wp:term":[{"taxonomy":"product_cat","embeddable":true,"href":"https:\/\/www.signaturebya.com\/index.php?rest_route=%2Fwp%2Fv2%2Fproduct_cat&post=11822"},{"taxonomy":"product_tag","embeddable":true,"href":"https:\/\/www.signaturebya.com\/index.php?rest_route=%2Fwp%2Fv2%2Fproduct_tag&post=11822"}],"curies":[{"name":"wp","href":"https:\/\/api.w.org\/{rel}","templated":true}]}}