{"id":12188,"date":"2026-02-17T18:40:17","date_gmt":"2026-02-17T17:40:17","guid":{"rendered":"https:\/\/www.signaturebya.com\/?post_type=product&#038;p=12188"},"modified":"2026-02-17T18:40:17","modified_gmt":"2026-02-17T17:40:17","slug":"vase-marron-en-resine","status":"publish","type":"product","link":"https:\/\/www.signaturebya.com\/?product=vase-marron-en-resine","title":{"rendered":"Vase Marron en R\u00e9sine"},"content":{"rendered":"","protected":false},"excerpt":{"rendered":"<p>Vase design contemporain au style sculptural avec un \u00e9legant d\u00e9grad\u00e9 de couleurs du sombre vers le clair. Sa forme originale apporte une touche moderne et artistique \u00e0 n&rsquo;importe quel int\u00e8rieur.<\/p>\n<p>&nbsp;<\/p>\n<p>Dimensions : 19.5*16*36 cm<\/p>\n","protected":false},"featured_media":12199,"comment_status":"open","ping_status":"closed","template":"","meta":[],"product_cat":[103,119,284],"product_tag":[],"_links":{"self":[{"href":"https:\/\/www.signaturebya.com\/index.php?rest_route=\/wp\/v2\/product\/12188"}],"collection":[{"href":"https:\/\/www.signaturebya.com\/index.php?rest_route=\/wp\/v2\/product"}],"about":[{"href":"https:\/\/www.signaturebya.com\/index.php?rest_route=\/wp\/v2\/types\/product"}],"replies":[{"embeddable":true,"href":"https:\/\/www.signaturebya.com\/index.php?rest_route=%2Fwp%2Fv2%2Fcomments&post=12188"}],"wp:featuredmedia":[{"embeddable":true,"href":"https:\/\/www.signaturebya.com\/index.php?rest_route=\/wp\/v2\/media\/12199"}],"wp:attachment":[{"href":"https:\/\/www.signaturebya.com\/index.php?rest_route=%2Fwp%2Fv2%2Fmedia&parent=12188"}],"wp:term":[{"taxonomy":"product_cat","embeddable":true,"href":"https:\/\/www.signaturebya.com\/index.php?rest_route=%2Fwp%2Fv2%2Fproduct_cat&post=12188"},{"taxonomy":"product_tag","embeddable":true,"href":"https:\/\/www.signaturebya.com\/index.php?rest_route=%2Fwp%2Fv2%2Fproduct_tag&post=12188"}],"curies":[{"name":"wp","href":"https:\/\/api.w.org\/{rel}","templated":true}]}}