{"id":8654,"date":"2023-03-10T09:30:53","date_gmt":"2023-03-10T08:30:53","guid":{"rendered":"https:\/\/www.signaturebya.com\/?post_type=product&#038;p=8654"},"modified":"2024-03-03T16:59:30","modified_gmt":"2024-03-03T15:59:30","slug":"vase-a-petits-pois-noir-et-blanc","status":"publish","type":"product","link":"https:\/\/www.signaturebya.com\/?product=vase-a-petits-pois-noir-et-blanc","title":{"rendered":"Vase \u00e0 petits pois noir et blanc"},"content":{"rendered":"","protected":false},"excerpt":{"rendered":"<p>Le noir et blanc est ind\u00e9modable. \u00c9ternellement chic, cette combinaison de couleur apporte une touche contemporaine \u00e0 votre int\u00e9rieur. La combinaison de 3 pi\u00e8ces similaires est le secret d&rsquo;un rendu unique.<\/p>\n","protected":false},"featured_media":8660,"comment_status":"open","ping_status":"closed","template":"","meta":[],"product_cat":[103,105,104,112],"product_tag":[114,64,63,62],"_links":{"self":[{"href":"https:\/\/www.signaturebya.com\/index.php?rest_route=\/wp\/v2\/product\/8654"}],"collection":[{"href":"https:\/\/www.signaturebya.com\/index.php?rest_route=\/wp\/v2\/product"}],"about":[{"href":"https:\/\/www.signaturebya.com\/index.php?rest_route=\/wp\/v2\/types\/product"}],"replies":[{"embeddable":true,"href":"https:\/\/www.signaturebya.com\/index.php?rest_route=%2Fwp%2Fv2%2Fcomments&post=8654"}],"wp:featuredmedia":[{"embeddable":true,"href":"https:\/\/www.signaturebya.com\/index.php?rest_route=\/wp\/v2\/media\/8660"}],"wp:attachment":[{"href":"https:\/\/www.signaturebya.com\/index.php?rest_route=%2Fwp%2Fv2%2Fmedia&parent=8654"}],"wp:term":[{"taxonomy":"product_cat","embeddable":true,"href":"https:\/\/www.signaturebya.com\/index.php?rest_route=%2Fwp%2Fv2%2Fproduct_cat&post=8654"},{"taxonomy":"product_tag","embeddable":true,"href":"https:\/\/www.signaturebya.com\/index.php?rest_route=%2Fwp%2Fv2%2Fproduct_tag&post=8654"}],"curies":[{"name":"wp","href":"https:\/\/api.w.org\/{rel}","templated":true}]}}