{"id":8673,"date":"2023-03-11T10:03:49","date_gmt":"2023-03-11T09:03:49","guid":{"rendered":"https:\/\/www.signaturebya.com\/?post_type=product&#038;p=8673"},"modified":"2025-06-05T08:38:12","modified_gmt":"2025-06-05T07:38:12","slug":"statuettes-serre-livres-en-resine","status":"publish","type":"product","link":"https:\/\/www.signaturebya.com\/?product=statuettes-serre-livres-en-resine","title":{"rendered":"Statuettes Serre-livres en R\u00e9sine"},"content":{"rendered":"","protected":false},"excerpt":{"rendered":"<p>Ces serre-livres de style minimaliste ont une double fonction. ils peuvent \u00eatre utilis\u00e9s en tant que statuettes, objets d\u00e9coratifs ou comme serre-livres pour bien tenir vos livres sur une \u00e9tag\u00e8re ou une jolie table basse. Faits \u00e0 la main, en r\u00e9sine, ces jolies pi\u00e8ces aussi fonctionnelles que d\u00e9coratives constituent un tr\u00e8s joli cadeau \u00e0 offrir&#8230;ou \u00e0 s&rsquo;offrir:)<\/p>\n[video width=\"540\" height=\"540\" mp4=\"https:\/\/www.signaturebya.com\/wp-content\/uploads\/2023\/03\/serre-livre.mp4\"][\/video]\n","protected":false},"featured_media":10943,"comment_status":"open","ping_status":"closed","template":"","meta":[],"product_cat":[103,105,222,259,284,111],"product_tag":[114,71,64],"_links":{"self":[{"href":"https:\/\/www.signaturebya.com\/index.php?rest_route=\/wp\/v2\/product\/8673"}],"collection":[{"href":"https:\/\/www.signaturebya.com\/index.php?rest_route=\/wp\/v2\/product"}],"about":[{"href":"https:\/\/www.signaturebya.com\/index.php?rest_route=\/wp\/v2\/types\/product"}],"replies":[{"embeddable":true,"href":"https:\/\/www.signaturebya.com\/index.php?rest_route=%2Fwp%2Fv2%2Fcomments&post=8673"}],"wp:featuredmedia":[{"embeddable":true,"href":"https:\/\/www.signaturebya.com\/index.php?rest_route=\/wp\/v2\/media\/10943"}],"wp:attachment":[{"href":"https:\/\/www.signaturebya.com\/index.php?rest_route=%2Fwp%2Fv2%2Fmedia&parent=8673"}],"wp:term":[{"taxonomy":"product_cat","embeddable":true,"href":"https:\/\/www.signaturebya.com\/index.php?rest_route=%2Fwp%2Fv2%2Fproduct_cat&post=8673"},{"taxonomy":"product_tag","embeddable":true,"href":"https:\/\/www.signaturebya.com\/index.php?rest_route=%2Fwp%2Fv2%2Fproduct_tag&post=8673"}],"curies":[{"name":"wp","href":"https:\/\/api.w.org\/{rel}","templated":true}]}}