{"id":8688,"date":"2023-03-11T10:23:25","date_gmt":"2023-03-11T09:23:25","guid":{"rendered":"https:\/\/www.signaturebya.com\/?post_type=product&#038;p=8688"},"modified":"2024-01-31T11:23:16","modified_gmt":"2024-01-31T10:23:16","slug":"objet-decoratif-en-resine-effet-bronze","status":"publish","type":"product","link":"https:\/\/www.signaturebya.com\/?product=objet-decoratif-en-resine-effet-bronze","title":{"rendered":"Sculpture en R\u00e9sine Noire"},"content":{"rendered":"","protected":false},"excerpt":{"rendered":"<p>Magnifique objet d\u00e9coratif fais main! En r\u00e9sine, aux finitions parfaites, cette pi\u00e8ce est un must-have dans tout int\u00e9rieur chic. Un tr\u00e8s beau cadeau \u00e0 offrir.<\/p>\n","protected":false},"featured_media":10163,"comment_status":"open","ping_status":"closed","template":"","meta":[],"product_cat":[103,119,105,111,112],"product_tag":[114,121,71,64],"_links":{"self":[{"href":"https:\/\/www.signaturebya.com\/index.php?rest_route=\/wp\/v2\/product\/8688"}],"collection":[{"href":"https:\/\/www.signaturebya.com\/index.php?rest_route=\/wp\/v2\/product"}],"about":[{"href":"https:\/\/www.signaturebya.com\/index.php?rest_route=\/wp\/v2\/types\/product"}],"replies":[{"embeddable":true,"href":"https:\/\/www.signaturebya.com\/index.php?rest_route=%2Fwp%2Fv2%2Fcomments&post=8688"}],"wp:featuredmedia":[{"embeddable":true,"href":"https:\/\/www.signaturebya.com\/index.php?rest_route=\/wp\/v2\/media\/10163"}],"wp:attachment":[{"href":"https:\/\/www.signaturebya.com\/index.php?rest_route=%2Fwp%2Fv2%2Fmedia&parent=8688"}],"wp:term":[{"taxonomy":"product_cat","embeddable":true,"href":"https:\/\/www.signaturebya.com\/index.php?rest_route=%2Fwp%2Fv2%2Fproduct_cat&post=8688"},{"taxonomy":"product_tag","embeddable":true,"href":"https:\/\/www.signaturebya.com\/index.php?rest_route=%2Fwp%2Fv2%2Fproduct_tag&post=8688"}],"curies":[{"name":"wp","href":"https:\/\/api.w.org\/{rel}","templated":true}]}}