{"id":8762,"date":"2023-03-13T20:06:14","date_gmt":"2023-03-13T19:06:14","guid":{"rendered":"https:\/\/www.signaturebya.com\/?post_type=product&#038;p=8762"},"modified":"2023-09-21T23:37:43","modified_gmt":"2023-09-21T22:37:43","slug":"porte-serviettes-en-metal-dore","status":"publish","type":"product","link":"https:\/\/www.signaturebya.com\/?product=porte-serviettes-en-metal-dore","title":{"rendered":"Porte-serviettes en M\u00e9tal Dor\u00e9"},"content":{"rendered":"","protected":false},"excerpt":{"rendered":"<p>Un tr\u00e8s joli accessoire pour pr\u00e9senter vos serviettes de table. Ce mod\u00e8le chic en m\u00e9tal dor\u00e9 existe \u00e9galement en titanium noir miroit\u00e9 ainsi qu&rsquo;en m\u00e9tal argent\u00e9. Vous aurez ainsi le plaisir de choisir la couleur qui conviendra le mieux \u00e0 votre table:)<\/p>\n","protected":false},"featured_media":8751,"comment_status":"open","ping_status":"closed","template":"","meta":[],"product_cat":[103,115,105,188],"product_tag":[125,122,64],"_links":{"self":[{"href":"https:\/\/www.signaturebya.com\/index.php?rest_route=\/wp\/v2\/product\/8762"}],"collection":[{"href":"https:\/\/www.signaturebya.com\/index.php?rest_route=\/wp\/v2\/product"}],"about":[{"href":"https:\/\/www.signaturebya.com\/index.php?rest_route=\/wp\/v2\/types\/product"}],"replies":[{"embeddable":true,"href":"https:\/\/www.signaturebya.com\/index.php?rest_route=%2Fwp%2Fv2%2Fcomments&post=8762"}],"wp:featuredmedia":[{"embeddable":true,"href":"https:\/\/www.signaturebya.com\/index.php?rest_route=\/wp\/v2\/media\/8751"}],"wp:attachment":[{"href":"https:\/\/www.signaturebya.com\/index.php?rest_route=%2Fwp%2Fv2%2Fmedia&parent=8762"}],"wp:term":[{"taxonomy":"product_cat","embeddable":true,"href":"https:\/\/www.signaturebya.com\/index.php?rest_route=%2Fwp%2Fv2%2Fproduct_cat&post=8762"},{"taxonomy":"product_tag","embeddable":true,"href":"https:\/\/www.signaturebya.com\/index.php?rest_route=%2Fwp%2Fv2%2Fproduct_tag&post=8762"}],"curies":[{"name":"wp","href":"https:\/\/api.w.org\/{rel}","templated":true}]}}