{"id":9330,"date":"2023-05-06T17:54:07","date_gmt":"2023-05-06T16:54:07","guid":{"rendered":"https:\/\/www.signaturebya.com\/?post_type=product&#038;p=9330"},"modified":"2023-12-04T07:53:02","modified_gmt":"2023-12-04T06:53:02","slug":"statuette-argentee-en-resine","status":"publish","type":"product","link":"https:\/\/www.signaturebya.com\/?product=statuette-argentee-en-resine","title":{"rendered":"Statuette Argent\u00e9e en R\u00e9sine"},"content":{"rendered":"","protected":false},"excerpt":{"rendered":"<p>Cette jolie statuette en r\u00e9sine aux formes douces est tr\u00e8s agr\u00e9able \u00e0 contempler. Gracieuse et \u00e9l\u00e9gante, elle saura apporter une touche chic \u00e0 votre int\u00e9rieur.<\/p>\n[video width=\"540\" height=\"540\" mp4=\"https:\/\/www.signaturebya.com\/wp-content\/uploads\/2023\/05\/video-homme-argente.mp4\"][\/video]\n","protected":false},"featured_media":9331,"comment_status":"open","ping_status":"closed","template":"","meta":[],"product_cat":[103,119,105,188,111],"product_tag":[],"_links":{"self":[{"href":"https:\/\/www.signaturebya.com\/index.php?rest_route=\/wp\/v2\/product\/9330"}],"collection":[{"href":"https:\/\/www.signaturebya.com\/index.php?rest_route=\/wp\/v2\/product"}],"about":[{"href":"https:\/\/www.signaturebya.com\/index.php?rest_route=\/wp\/v2\/types\/product"}],"replies":[{"embeddable":true,"href":"https:\/\/www.signaturebya.com\/index.php?rest_route=%2Fwp%2Fv2%2Fcomments&post=9330"}],"wp:featuredmedia":[{"embeddable":true,"href":"https:\/\/www.signaturebya.com\/index.php?rest_route=\/wp\/v2\/media\/9331"}],"wp:attachment":[{"href":"https:\/\/www.signaturebya.com\/index.php?rest_route=%2Fwp%2Fv2%2Fmedia&parent=9330"}],"wp:term":[{"taxonomy":"product_cat","embeddable":true,"href":"https:\/\/www.signaturebya.com\/index.php?rest_route=%2Fwp%2Fv2%2Fproduct_cat&post=9330"},{"taxonomy":"product_tag","embeddable":true,"href":"https:\/\/www.signaturebya.com\/index.php?rest_route=%2Fwp%2Fv2%2Fproduct_tag&post=9330"}],"curies":[{"name":"wp","href":"https:\/\/api.w.org\/{rel}","templated":true}]}}