{"id":9956,"date":"2023-10-13T07:45:02","date_gmt":"2023-10-13T06:45:02","guid":{"rendered":"https:\/\/www.signaturebya.com\/?post_type=product&#038;p=9956"},"modified":"2024-09-27T16:03:16","modified_gmt":"2024-09-27T15:03:16","slug":"le-twin-vase-blanc","status":"publish","type":"product","link":"https:\/\/www.signaturebya.com\/?product=le-twin-vase-blanc","title":{"rendered":"Le &lsquo;Twin&rsquo; Vase blanc"},"content":{"rendered":"","protected":false},"excerpt":{"rendered":"<p>Le Twin Vase est un vase tout \u00e0 fait original qu&rsquo;il est pr\u00e9f\u00e9rable de ne jamais s\u00e9parer de sa moiti\u00e9.<\/p>\n<p>Chic, simple et beau.<\/p>\n<p>Dimensions: 19.9*10*34.5cm<\/p>\n","protected":false},"featured_media":9961,"comment_status":"open","ping_status":"closed","template":"","meta":[],"product_cat":[103,105,104,112],"product_tag":[],"_links":{"self":[{"href":"https:\/\/www.signaturebya.com\/index.php?rest_route=\/wp\/v2\/product\/9956"}],"collection":[{"href":"https:\/\/www.signaturebya.com\/index.php?rest_route=\/wp\/v2\/product"}],"about":[{"href":"https:\/\/www.signaturebya.com\/index.php?rest_route=\/wp\/v2\/types\/product"}],"replies":[{"embeddable":true,"href":"https:\/\/www.signaturebya.com\/index.php?rest_route=%2Fwp%2Fv2%2Fcomments&post=9956"}],"wp:featuredmedia":[{"embeddable":true,"href":"https:\/\/www.signaturebya.com\/index.php?rest_route=\/wp\/v2\/media\/9961"}],"wp:attachment":[{"href":"https:\/\/www.signaturebya.com\/index.php?rest_route=%2Fwp%2Fv2%2Fmedia&parent=9956"}],"wp:term":[{"taxonomy":"product_cat","embeddable":true,"href":"https:\/\/www.signaturebya.com\/index.php?rest_route=%2Fwp%2Fv2%2Fproduct_cat&post=9956"},{"taxonomy":"product_tag","embeddable":true,"href":"https:\/\/www.signaturebya.com\/index.php?rest_route=%2Fwp%2Fv2%2Fproduct_tag&post=9956"}],"curies":[{"name":"wp","href":"https:\/\/api.w.org\/{rel}","templated":true}]}}